0101 (base 2) in base 14?
-a69
What is 1104442 (base 5) in base 4?
10232230
Convert 6540 (base 10) to base 12.
3950
Convert -342441 (base 5) to base 13.
-5760
-39a0 (base 14) to base 2
-10011110011000
Convert -110110101110001 (base 2) to base 13.
-c9a2
What is 312200 (base 4) in base 14?
13b2
What is -1001001110111110 (base 2) in base 11?
-26464
-2210200220 (base 3) to base 9
-83626
Convert 31010 (base 4) to base 15.
3ab
-26216 (base 7) to base 13
-3233
603 (base 14) to base 13
6c9
What is -5123 (base 7) in base 3?
-2102222
3111213 (base 4) to base 15
40b6
Convert 16262 (base 9) to base 6.
123345
Convert 1000000000000100 (base 2) to base 6.
411420
1104200 (base 6) to base 3
2210221200
Convert -2211220 (base 3) to base 2.
-100000011100
Convert -31231 (base 5) to base 9.
-2745
What is 708 (base 14) in base 10?
1380
Convert 446054 (base 7) to base 14.
20a9b
835 (base 9) to base 12
488
Convert -111021 (base 3) to base 6.
-1354
Convert 1983 (base 12) to base 3.
11021200
Convert -5068 (base 12) to base 11.
-6608
What is -44c (base 16) in base 3?
-1111202
What is 325312 (base 6) in base 2?
110100111101100
-673 (base 11) to base 8
-1446
Convert 433233 (base 5) to base 15.
45cd
Convert -10168 (base 11) to base 8.
-34764
Convert 93b (base 13) to base 6.
11135
What is -32e (base 15) in base 12?
-4bb
What is -a0c5 (base 15) in base 8?
-102217
Convert -2641 (base 8) to base 9.
-1871
287 (base 15) to base 16
241
Convert -222300 (base 4) to base 11.
-2068
Convert -127705 (base 8) to base 16.
-afc5
Convert -414132 (base 5) to base 9.
-20665
What is 2383 (base 9) in base 6?
12120
What is 131 (base 4) in base 6?
45
Convert -dbc9 (base 14) to base 6.
-451541
What is 3362 (base 7) in base 5?
14340
Convert -698a (base 11) to base 3.
-110120202
Convert -22663 (base 10) to base 16.
-5887
249 (base 14) to base 16
1c9
507 (base 14) to base 10
987
Convert 300233 (base 4) to base 10.
3119
-210020 (base 3) to base 14
-2cd
Convert -2357 (base 13) to base 2.
-1001101101101
30 (base 9) to base 4
123
What is 2eeb (base 16) in base 11?
902a
What is -300 (base 4) in base 5?
-143
What is -2016 (base 7) in base 2?
-1010111011
Convert 22011012 (base 4) to base 12.
1ba86
Convert 1241331 (base 5) to base 14.
8d67
What is 1111001 (base 2) in base 11?
100
What is -32634 (base 7) in base 12?
-4900
Convert 52330 (base 6) to base 2.
1101101111110
Convert 230324 (base 5) to base 15.
2679
What is 103 (base 13) in base 6?
444
Convert 103320 (base 4) to base 11.
a57
What is 10112112 (base 3) in base 11?
1a35
-1122312 (base 4) to base 14
-2194
-18786 (base 12) to base 4
-20231112
What is -a1b (base 14) in base 11?
-1545
What is -1865 (base 12) in base 3?
-11001112
-601 (base 13) to base 2
-1111110111
Convert -22d (base 14) to base 2.
-110110001
-222251 (base 6) to base 10
-18679
What is -214024 (base 5) in base 8?
-16335
What is -188 (base 15) in base 2?
-101100001
What is -111000011110 (base 2) in base 7?
-13352
Convert 115 (base 11) to base 3.
12002
110111101100001 (base 2) to base 12
14601
-2106 (base 14) to base 15
-1a45
What is -cb4 (base 13) in base 7?
-6225
Convert -25361 (base 9) to base 5.
-1021230
Convert -2121012110 (base 3) to base 5.
-3114202
What is 3412 (base 13) in base 9?
10881
Convert 4316 (base 11) to base 3.
21211021
What is 2605 (base 8) in base 3?
1221100
What is -6d3 (base 15) in base 8?
-3014
7a8 (base 11) to base 6
4245
Convert -20b61 (base 13) to base 4.
-32122310
What is 298 (base 14) in base 8?
1016
What is 1355 (base 9) in base 7?
2660
Convert -3041141 (base 5) to base 2.
-1100000110001010
10c66 (base 14) to base 9
62037
Convert -111101100011 (base 2) to base 7.
-14325
-401 (base 8) to base 16
-101
2bc0 (base 14) to base 16
1e84
What is 110001200 (base 3) in base 4?
2021121
Convert 482 (base 15) to base 14.
530
-17026 (base 10) to base 6
-210454
What is d46 (base 15) in base 6?
21503
What is 27262 (base 12) in base 6?
1053402
What is -2433 (base 6) in base 11?
-4a3
Convert -24251 (base 6) to base 11.
-2746
Convert 16304 (base 11) to base 4.
11213102
What is c1b (base 15) in base 13?
1319
What is -3113 (base 8) in base 3?
-2012200
-130231 (base 5) to base 16
-13ca
Convert -2023202 (base 4) to base 11.
-6789
What is -1b5 (base 16) in base 15?
-1e2
Convert 11211323 (base 4) to base 10.
22907
What is -91a (base 15) in base 9?
-2727
What is 1271 (base 9) in base 14?
4c3
2226 (base 8) to base 9
1544
171 (base 11) to base 2
11000111
Convert 1555 (base 9) to base 7.
3311
19719 (base 11) to base 7
143065
-21471 (base 9) to base 16
-379f
2612 (base 11) to base 3
11122222
Convert 13cd (base 16) to base 5.
130234
Convert 1d6b (base 16) to base 10.
7531
Convert -6187 (base 9) to base 3.
-20012221
Convert 2010101 (base 3) to base 7.
4342
Convert 25770 (base 10) to base 8.
62252
Convert 111000000 (base 2) to base 4.
13000
Convert 11312 (base 4) to base 14.
1ca
75570 (base 8) to base 15
9573
What is 4572 (base 9) in base 6?
23402
1120324 (base 5) to base 14
746d
Convert -2203 (base 8) to base 4.
-102003
Convert -1161 (base 10) to base 13.
-6b4
What is -100404 (base 5) in base 15?
-e54
62353 (base 7) to base 2
11101110101101
-222120 (base 5) to base 11
-5938
-344 (base 15) to base 9
-1011
What is -63d0 (base 14) in base 4?
-10031102
What is -4b5 (base 15) in base 16?
-42e
Convert -3460 (base 9) to base 10.
-2565
-1661d (base 14) to base 11
-39155
749 (base 13) to base 5
14434
What is -141100 (base 8) in base 11?
-343a8
What is -31 (base 6) in base 4?
-103
-111101010011 (base 2) to base 12
-232b
-258 (base 13) to base 14
-215
What is 7603 (base 14) in base 16?
4fa3
Convert 1623 (base 9) to base 4.
103110
What is -1a3 (base 15) in base 3?
-112000
What is -1100010100 (base 2) in base 3?
-1002012
Convert -67 (base 13) to base 4.
-1111
-55673 (base 8) to base 4
-11232323
What is 111100122 (base 3) in base 11?
7352
1fd (base 16) to base 8
775
-2022001 (base 3) to base 14
-879
Convert 1301 (base 6) to base 10.
325
What is -212044 (base 5) in base 2?
-1101111101101
Convert -220012100 (base 3) to base 12.
-a260
Convert -11100210 (base 4) to base 14.
-7bc8
-4493 (base 11) to base 13
-28c8
What is -2947 (base 14) in base 4?
-1302103
Convert -172 (base 14) to base 9.
-358
Convert 1100011011 (base 2) to base 16.
31b
173b (base 14) to base 9
5642
Convert 4013 (base 10) to base 4.
332231
14da (base 14) to base 3
12002210
What is d98c (base 15) in base 12?
22780
Convert -40 (base 5) to base 13.
-17
1 (base 2) to base 9
1
What is 397 (base 10) in base 16?
18d
Convert -1030310 (base 4) to base 12.
-2a18
Convert -150231 (base 7) to base 5.
-1411212
75 (base 16) to base 14
85
What is 230 (base 14) in base 3?
121002
Convert 871 (base 12) to base 3.
1200211
What is -2779 (base 10) in base 6?
-20511
What is 21153 (base 6) in base 4?
230331
What is 31b8 (base 13) in base 11?
5213
What is -903 (base 11) in base 12?
-770
What is db7 (base 16) in base 2?
110110110111
Convert -11110000111101 (base 2) to base 5.
-443141
-90 (base 13) to base 14
-85
Convert -28 (base 11) to base 12.
-26
-2241 (base 7) to base 9
-1103
56125 (base 7) to base 6
145231
-3330 (base 4) to base 12
-190
Convert -1001000011101 (base 2) to base 5.
-122022
What is 1110022211 (base 3) in base 4?
12333331
-3389 (base 10) to base 15
-100e
What is -33333 (base 10) in base 11?
-23053
11011001111111 (base 2) to base 11
a533
Convert -996b (base 16) to base 13.
-14b52
What is 31332 (base 6) in base 12?
2548
-16 (base 12) to base 2
-10010
What is -144 (base 9) in base 3?
-11111
What is 4361 (base 7) in base 14?
7d8
Convert 1450 (base 10) to base 14.
758
What is -67156 (base 9) in base 3?
-2021011220
Convert -3735 (base 9) to base 3.
-10211012
-16020 (base 9) to base 3
-120000200
-11001110100011 (base 2) to base 6
-141111
Convert -1112203 (base 4) to base 7.
-22102
What is -120353 (base 6) in base 11?
-7994
What is b7d (base 15) in base 16?
a21
-119 (base 15) to base 4
-3321
1ac3 (base 13) to base 14
1690
Convert -20830 (base 9) to base 5.
-420142
-22001101 (base 3) to base 12
-3491
What is -1201213 (base 4) in base 13?
-2ac7
Convert -404 (base 10) to base 13.
-251
Convert 41a9 (base 12) to base 6.
53133
-101001100101 (base 2) to base 12
-1659
4385 (base 12) to base 2
1110100010101
-3756 (base 10) to base 7
-13644
5517 (base 8) to base 10
28